{"id":24,"date":"2020-08-19T11:18:10","date_gmt":"2020-08-19T09:18:10","guid":{"rendered":"http:\/\/mon-matelas-en-ligne.fr\/?page_id=24"},"modified":"2020-08-20T21:27:12","modified_gmt":"2020-08-20T19:27:12","slug":"bien-utiliser-son-bureau-assis-debout","status":"publish","type":"page","link":"https:\/\/mon-bureau-debout.fr\/index.php\/bien-utiliser-son-bureau-assis-debout\/","title":{"rendered":"Bien utiliser son bureau assis-debout"},"content":{"rendered":"\n<h2>Alterner entre une position assise et debout au cours de la journ\u00e9e<\/h2>\n\n\n\n<p>Rester assis toute la journ\u00e9e n&rsquo;est pas une bonne chose pour votre sant\u00e9. Mais \u00eatre debout durant la m\u00eame dur\u00e9e ne l&rsquo;est pas non plus. Il est donc important de trouver la bonne dur\u00e9e pour chacune de ses positions. <\/p>\n\n\n\n<p>Nous vous conseillons d&rsquo;adopter un ratio de 2 pour 1. C&rsquo;est \u00e0 dire que pour 2 heures de travail assis, vous passerez 1 heure debout. <\/p>\n\n\n\n<p>A vous d&rsquo;essayer plusieurs dur\u00e9es 60 minutes assis &#8211; 30 minutes debout; 90 minutes &#8211; 45 minutes , 2 heures &#8211; 1 heure. Avec le temps et plusieurs essais, vous finirez par trouver la dur\u00e9e qui vous conviendra le mieux.<\/p>\n\n\n\n<h2>Un bon r\u00e9glage de la hauteur du bureau et des \u00e9crans<\/h2>\n\n\n\n<p>M\u00eame sans bureau ergonomique, le principal conseil pour vous assurer une bonne position de travail et \u00e9viter les douleurs \u00e0 la nuque notamment, est le position de vos \u00e9crans et de votre bureau.<\/p>\n\n\n\n<p>En position assise, vos coudes devraient former un angle de 90\u00b0 avec le plateau. <\/p>\n\n\n\n<p>Pour l&rsquo;\u00e9cran ou les \u00e9crans, une distance de 50 \u00e0 70 cm minimum est \u00e0 respecter jusqu&rsquo;\u00e0 votre visage. Votre regard doit \u00eatre \u00e0 bonne hauteur de celui-ci vous \u00e9vitant de devoir baiser ou lever la t\u00eate pour regarder celui-ci. <\/p>\n\n\n\n<p>Cela est plus compliqu\u00e9 pour les utilisateurs d&rsquo;ordinateur portable, quand cela est possible, prenez un clavier et une souris d\u00e9port\u00e9 et sur\u00e9lev\u00e9 votre ordinateur afin d&rsquo;avoir un positionnement.<br><\/p>\n\n\n\n<h2>Un tapis anti-fatigue pour vos jambes<\/h2>\n\n\n\n<p>Les tapis anti-fatigue sont tr\u00e8s utilis\u00e9s pour les m\u00e9tiers o\u00f9 il faut rester debout longtemps sans mouvement. Ils luttent contre la fatigue  en stimulant des petits mouvements aupr\u00e8s des muscles des jambes.<\/p>\n\n\n\n<p>Vous pouvez aussi vous procurez des coussins d&rsquo;\u00e9quilibre pour vous permettre de renforcer votre \u00e9quilibre tout en travaillant debout sur votre bureau.<\/p>\n\n\n\n<h2>Faites des pauses<\/h2>\n\n\n\n<p>M\u00eame si travailler en alternant les positions assis et debout, il est important de faire des pauses r\u00e9guli\u00e8res pour marcher, s&rsquo;\u00e9tirer, se vider la t\u00eate et reposer ses yeux.<\/p>\n\n\n\n<p>Certaines personnes font \u00e7a de mani\u00e8re naturelle, le corps appelle automatiquement \u00e0 cela. D&rsquo;autres sont oblig\u00e9s de mettre en place des alarmes ou d&rsquo;utiliser des techniques tel que le Pomodoro pour se bloquer des cr\u00e9neaux de pause au cours de la journ\u00e9e.<\/p>\n","protected":false},"excerpt":{"rendered":"<p>Alterner entre une position assise et debout au cours de la journ\u00e9e Rester assis toute la journ\u00e9e n&rsquo;est pas une bonne chose pour votre sant\u00e9. Mais \u00eatre debout durant la m\u00eame dur\u00e9e ne l&rsquo;est pas non plus. Il est donc important de trouver la bonne dur\u00e9e pour chacune de ses positions. Nous vous conseillons d&rsquo;adopter&#8230;<\/p>\n","protected":false},"author":1,"featured_media":51,"parent":0,"menu_order":0,"comment_status":"closed","ping_status":"closed","template":"","meta":[],"yoast_head":"<!-- This site is optimized with the Yoast SEO plugin v14.8 - https:\/\/yoast.com\/wordpress\/plugins\/seo\/ -->\n<title>Bien utiliser son bureau assis-debout - Mon bureau debout<\/title>\n<meta name=\"robots\" content=\"index, follow\" \/>\n<meta name=\"googlebot\" content=\"index, follow, max-snippet:-1, max-image-preview:large, max-video-preview:-1\" \/>\n<meta name=\"bingbot\" content=\"index, follow, max-snippet:-1, max-image-preview:large, max-video-preview:-1\" \/>\n<link rel=\"canonical\" href=\"http:\/\/mon-bureau-debout.fr\/index.php\/bien-utiliser-son-bureau-assis-debout\/\" \/>\n<meta property=\"og:locale\" content=\"fr_FR\" \/>\n<meta property=\"og:type\" content=\"article\" \/>\n<meta property=\"og:title\" content=\"Bien utiliser son bureau assis-debout - Mon bureau debout\" \/>\n<meta property=\"og:description\" content=\"Alterner entre une position assise et debout au cours de la journ\u00e9e Rester assis toute la journ\u00e9e n&rsquo;est pas une bonne chose pour votre sant\u00e9. Mais \u00eatre debout durant la m\u00eame dur\u00e9e ne l&rsquo;est pas non plus. Il est donc important de trouver la bonne dur\u00e9e pour chacune de ses positions. Nous vous conseillons d&rsquo;adopter...\" \/>\n<meta property=\"og:url\" content=\"http:\/\/mon-bureau-debout.fr\/index.php\/bien-utiliser-son-bureau-assis-debout\/\" \/>\n<meta property=\"og:site_name\" content=\"Mon bureau debout\" \/>\n<meta property=\"article:modified_time\" content=\"2020-08-20T19:27:12+00:00\" \/>\n<meta property=\"og:image\" content=\"https:\/\/mon-bureau-debout.fr\/wp-content\/uploads\/2020\/08\/bg-img.png\" \/>\n\t<meta property=\"og:image:width\" content=\"1800\" \/>\n\t<meta property=\"og:image:height\" content=\"513\" \/>\n<meta name=\"twitter:card\" content=\"summary_large_image\" \/>\n<script type=\"application\/ld+json\" class=\"yoast-schema-graph\">{\"@context\":\"https:\/\/schema.org\",\"@graph\":[{\"@type\":\"WebSite\",\"@id\":\"https:\/\/mon-bureau-debout.fr\/#website\",\"url\":\"https:\/\/mon-bureau-debout.fr\/\",\"name\":\"Mon bureau debout - TOP Bureau 2020\",\"description\":\"TOP BUREAU 2020 - Une meilleur ergonomie et productivit\\u00e9 au quotidien\",\"potentialAction\":[{\"@type\":\"SearchAction\",\"target\":\"https:\/\/mon-bureau-debout.fr\/?s={search_term_string}\",\"query-input\":\"required name=search_term_string\"}],\"inLanguage\":\"fr-FR\"},{\"@type\":\"ImageObject\",\"@id\":\"http:\/\/mon-bureau-debout.fr\/index.php\/bien-utiliser-son-bureau-assis-debout\/#primaryimage\",\"inLanguage\":\"fr-FR\",\"url\":\"https:\/\/mon-bureau-debout.fr\/wp-content\/uploads\/2020\/08\/bg-img.png\",\"width\":1800,\"height\":513},{\"@type\":\"WebPage\",\"@id\":\"http:\/\/mon-bureau-debout.fr\/index.php\/bien-utiliser-son-bureau-assis-debout\/#webpage\",\"url\":\"http:\/\/mon-bureau-debout.fr\/index.php\/bien-utiliser-son-bureau-assis-debout\/\",\"name\":\"Bien utiliser son bureau assis-debout - Mon bureau debout\",\"isPartOf\":{\"@id\":\"https:\/\/mon-bureau-debout.fr\/#website\"},\"primaryImageOfPage\":{\"@id\":\"http:\/\/mon-bureau-debout.fr\/index.php\/bien-utiliser-son-bureau-assis-debout\/#primaryimage\"},\"datePublished\":\"2020-08-19T09:18:10+00:00\",\"dateModified\":\"2020-08-20T19:27:12+00:00\",\"inLanguage\":\"fr-FR\",\"potentialAction\":[{\"@type\":\"ReadAction\",\"target\":[\"http:\/\/mon-bureau-debout.fr\/index.php\/bien-utiliser-son-bureau-assis-debout\/\"]}]}]}<\/script>\n<!-- \/ Yoast SEO plugin. -->","_links":{"self":[{"href":"https:\/\/mon-bureau-debout.fr\/index.php\/wp-json\/wp\/v2\/pages\/24"}],"collection":[{"href":"https:\/\/mon-bureau-debout.fr\/index.php\/wp-json\/wp\/v2\/pages"}],"about":[{"href":"https:\/\/mon-bureau-debout.fr\/index.php\/wp-json\/wp\/v2\/types\/page"}],"author":[{"embeddable":true,"href":"https:\/\/mon-bureau-debout.fr\/index.php\/wp-json\/wp\/v2\/users\/1"}],"replies":[{"embeddable":true,"href":"https:\/\/mon-bureau-debout.fr\/index.php\/wp-json\/wp\/v2\/comments?post=24"}],"version-history":[{"count":3,"href":"https:\/\/mon-bureau-debout.fr\/index.php\/wp-json\/wp\/v2\/pages\/24\/revisions"}],"predecessor-version":[{"id":89,"href":"https:\/\/mon-bureau-debout.fr\/index.php\/wp-json\/wp\/v2\/pages\/24\/revisions\/89"}],"wp:featuredmedia":[{"embeddable":true,"href":"https:\/\/mon-bureau-debout.fr\/index.php\/wp-json\/wp\/v2\/media\/51"}],"wp:attachment":[{"href":"https:\/\/mon-bureau-debout.fr\/index.php\/wp-json\/wp\/v2\/media?parent=24"}],"curies":[{"name":"wp","href":"https:\/\/api.w.org\/{rel}","templated":true}]}}