{"id":16,"date":"2020-08-19T11:16:51","date_gmt":"2020-08-19T09:16:51","guid":{"rendered":"http:\/\/mon-matelas-en-ligne.fr\/?page_id=16"},"modified":"2020-08-22T15:20:40","modified_gmt":"2020-08-22T13:20:40","slug":"bureau-assis-debout-manuel","status":"publish","type":"page","link":"https:\/\/mon-bureau-debout.fr\/index.php\/bureau-assis-debout-manuel\/","title":{"rendered":"Bureau assis-debout manuel"},"content":{"rendered":"\n<h2>Pourquoi un bureau avec fonctionnement manuel plut\u00f4t qu&rsquo;\u00e9lectrique<\/h2>\n\n\n\n<p>Choisir un bureau assis-debout manuel se base souvent sur deux crit\u00e8res :<\/p>\n\n\n\n<ul><li><strong>Le prix<\/strong> : les m\u00e9canismes manuelles sont g\u00e9n\u00e9ralement moins co\u00fbteux du fait qu\u2019il n\u2019y a pas de moteur \u00e0 l\u2019int\u00e9rieur.<\/li><li><strong>L&rsquo;arriv\u00e9e \u00e9lectrique<\/strong> : pour des travaux manuels ne n\u00e9cessitant pas d&rsquo;arriv\u00e9e \u00e9lectrique et des emplacements sans arriv\u00e9s de courant. Prendre un bureau avec un fonctionnement \u00e0 manivelle ou \u00e0 v\u00e9rins peut \u00eatre un bon choix si un moteur \u00e9lectrique n&rsquo;apporte aucun avantage dans votre activit\u00e9.<\/li><\/ul>\n\n\n\n<div class=\"wp-block-columns\">\n<div class=\"wp-block-column is-vertically-aligned-center\">\n<div class=\"wp-block-image is-style-rounded\"><figure class=\"aligncenter size-large is-resized\"><img loading=\"lazy\" src=\"http:\/\/mon-bureau-debout.fr\/wp-content\/uploads\/2020\/08\/Capture-2.jpg\" alt=\"\" class=\"wp-image-167\" width=\"221\" height=\"219\" srcset=\"https:\/\/mon-bureau-debout.fr\/wp-content\/uploads\/2020\/08\/Capture-2.jpg 464w, https:\/\/mon-bureau-debout.fr\/wp-content\/uploads\/2020\/08\/Capture-2-300x298.jpg 300w, https:\/\/mon-bureau-debout.fr\/wp-content\/uploads\/2020\/08\/Capture-2-150x150.jpg 150w\" sizes=\"(max-width: 221px) 100vw, 221px\" \/><figcaption>A manivelle<\/figcaption><\/figure><\/div>\n<\/div>\n\n\n\n<div class=\"wp-block-column is-vertically-aligned-center\">\n<div class=\"wp-block-image is-style-rounded\"><figure class=\"aligncenter size-large is-resized\"><img src=\"http:\/\/mon-bureau-debout.fr\/wp-content\/uploads\/2020\/08\/Capture-3.jpg\" alt=\"\" class=\"wp-image-169\" width=\"221\" srcset=\"https:\/\/mon-bureau-debout.fr\/wp-content\/uploads\/2020\/08\/Capture-3.jpg 382w, https:\/\/mon-bureau-debout.fr\/wp-content\/uploads\/2020\/08\/Capture-3-300x230.jpg 300w\" sizes=\"(max-width: 382px) 100vw, 382px\" \/><figcaption>A v\u00e9rin<\/figcaption><\/figure><\/div>\n<\/div>\n<\/div>\n\n\n\n<h2>Meilleur rapport qualit\u00e9\/prix<\/h2>\n\n\n\n<p>Encore une fois, dans le catalogue de la marque FLEXISPOT, nous retrouvons le meilleur rapport qualit\u00e9\/prix pour un bureau assis-debout avec une r\u00e9glage \u00e0 manivelle.<\/p>\n\n\n\n<div class=\"wp-block-columns has-background\" style=\"background-color:#ccddec\">\n<div class=\"wp-block-column\">\n<div class=\"wp-block-image\"><figure class=\"aligncenter size-large\"><img loading=\"lazy\" width=\"1024\" height=\"1024\" src=\"http:\/\/mon-bureau-debout.fr\/wp-content\/uploads\/2020\/08\/h2w-4830m1-1024x1024.jpg\" alt=\"\" class=\"wp-image-142\" srcset=\"https:\/\/mon-bureau-debout.fr\/wp-content\/uploads\/2020\/08\/h2w-4830m1-1024x1024.jpg 1024w, https:\/\/mon-bureau-debout.fr\/wp-content\/uploads\/2020\/08\/h2w-4830m1-300x300.jpg 300w, https:\/\/mon-bureau-debout.fr\/wp-content\/uploads\/2020\/08\/h2w-4830m1-150x150.jpg 150w, https:\/\/mon-bureau-debout.fr\/wp-content\/uploads\/2020\/08\/h2w-4830m1-768x768.jpg 768w, https:\/\/mon-bureau-debout.fr\/wp-content\/uploads\/2020\/08\/h2w-4830m1-850x850.jpg 850w, https:\/\/mon-bureau-debout.fr\/wp-content\/uploads\/2020\/08\/h2w-4830m1.jpg 1100w\" sizes=\"(max-width: 1024px) 100vw, 1024px\" \/><\/figure><\/div>\n<\/div>\n\n\n\n<div class=\"wp-block-column\">\n<p class=\"has-text-align-center\"><strong>FLEXISPOT H2B<\/strong> : <br><strong><span class=\"has-inline-color has-vivid-green-cyan-color\">meilleur rapport qualit\u00e9\/prix<\/span><\/strong><br><span class=\"has-inline-color has-luminous-vivid-amber-color\">\u2605 \u2605 \u2605 \u2605 \u2605<\/span> 4,4\/5<br><em>nouveau prix<\/em> : 189,99\u20ac <s>249,99\u20ac<\/s><\/p>\n\n\n\n<ul><li>Hauteur de r\u00e9glage : 72cm-123cm<\/li><li>Installation de la manivelle gauche ou droite<\/li><li>Capacit\u00e9 de charge : 80kg<\/li><li>Cadre de bureau stable avec vis de r\u00e9glage pour les sols instables<\/li><\/ul>\n\n\n\n<div class=\"wp-block-buttons aligncenter\">\n<div class=\"wp-block-button\"><a class=\"wp-block-button__link has-vivid-green-cyan-background-color has-background\" href=\"http:\/\/amzn.to\/32rUGvN\" target=\"_blank\" rel=\"noreferrer noopener\">Prix &amp; disponibilit\u00e9<\/a><\/div>\n<\/div>\n<\/div>\n<\/div>\n\n\n\n<h2>R\u00e9glage \u00e0 v\u00e9rin<\/h2>\n\n\n\n<div class=\"wp-block-columns has-background\" style=\"background-color:#ccddec\">\n<div class=\"wp-block-column\">\n<div class=\"wp-block-image\"><figure class=\"aligncenter size-large\"><img loading=\"lazy\" width=\"1024\" height=\"1024\" src=\"http:\/\/mon-bureau-debout.fr\/wp-content\/uploads\/2020\/08\/71gIHcrXMcL._AC_SL1500_-1024x1024.jpg\" alt=\"\" class=\"wp-image-174\" srcset=\"https:\/\/mon-bureau-debout.fr\/wp-content\/uploads\/2020\/08\/71gIHcrXMcL._AC_SL1500_-1024x1024.jpg 1024w, https:\/\/mon-bureau-debout.fr\/wp-content\/uploads\/2020\/08\/71gIHcrXMcL._AC_SL1500_-300x300.jpg 300w, https:\/\/mon-bureau-debout.fr\/wp-content\/uploads\/2020\/08\/71gIHcrXMcL._AC_SL1500_-150x150.jpg 150w, https:\/\/mon-bureau-debout.fr\/wp-content\/uploads\/2020\/08\/71gIHcrXMcL._AC_SL1500_-768x768.jpg 768w, https:\/\/mon-bureau-debout.fr\/wp-content\/uploads\/2020\/08\/71gIHcrXMcL._AC_SL1500_-850x850.jpg 850w, https:\/\/mon-bureau-debout.fr\/wp-content\/uploads\/2020\/08\/71gIHcrXMcL._AC_SL1500_.jpg 1500w\" sizes=\"(max-width: 1024px) 100vw, 1024px\" \/><\/figure><\/div>\n<\/div>\n\n\n\n<div class=\"wp-block-column\">\n<p class=\"has-text-align-center\"><strong>SONGMICS<\/strong> : <br><strong><span class=\"has-inline-color has-vivid-green-cyan-color\">fonctionnement \u00e0 v\u00e9rin<\/span><\/strong><br><span class=\"has-inline-color has-luminous-vivid-amber-color\">\u2605 \u2605 \u2605 \u2605 \u2605<\/span> 4\/5<br><em>prix conseill\u00e9<\/em> : 239,99\u20ac<\/p>\n\n\n\n<ul><li>Hauteur de r\u00e9glage : 72cm-112cm<\/li><li>Plateau inclus<\/li><li>Capacit\u00e9 de charge : 50kg<\/li><li>R\u00e9glage silencieux gr\u00e2ce aux v\u00e9rins \u00e0 gaz int\u00e9gr\u00e9s<\/li><li>Pied r\u00e9glable<\/li><\/ul>\n\n\n\n<div class=\"wp-block-buttons aligncenter\">\n<div class=\"wp-block-button\"><a class=\"wp-block-button__link has-vivid-green-cyan-background-color has-background\" href=\"https:\/\/amzn.to\/2Ym3Atk\" target=\"_blank\" rel=\"noreferrer noopener\">Prix &amp; disponibilit\u00e9<\/a><\/div>\n<\/div>\n<\/div>\n<\/div>\n\n\n\n<h2>Le moins ch\u00e8re<\/h2>\n\n\n\n<p>Difficile de trouver moins ch\u00e8re pour un bureau assis-debout m\u00eame dans les stations de bureaux que le DlandHome. Son prix comble le fait que les changements de position sont un peu plus compliqu\u00e9 qu&rsquo;une manivelle.<\/p>\n\n\n\n<div class=\"wp-block-columns has-background\" style=\"background-color:#ccddec\">\n<div class=\"wp-block-column\">\n<div class=\"wp-block-image\"><figure class=\"aligncenter size-large\"><img loading=\"lazy\" width=\"300\" height=\"300\" src=\"http:\/\/mon-bureau-debout.fr\/wp-content\/uploads\/2020\/08\/f2ae24a6-48eb-4ef3-a3bc-5203ac890b7c.__CR0012001200_PT0_SX300_V1___.jpg\" alt=\"\" class=\"wp-image-162\" srcset=\"https:\/\/mon-bureau-debout.fr\/wp-content\/uploads\/2020\/08\/f2ae24a6-48eb-4ef3-a3bc-5203ac890b7c.__CR0012001200_PT0_SX300_V1___.jpg 300w, https:\/\/mon-bureau-debout.fr\/wp-content\/uploads\/2020\/08\/f2ae24a6-48eb-4ef3-a3bc-5203ac890b7c.__CR0012001200_PT0_SX300_V1___-150x150.jpg 150w\" sizes=\"(max-width: 300px) 100vw, 300px\" \/><\/figure><\/div>\n<\/div>\n\n\n\n<div class=\"wp-block-column\">\n<p class=\"has-text-align-center\"><strong>DlandHome<\/strong> : <br><strong><span class=\"has-inline-color has-vivid-green-cyan-color\">le moins ch\u00e8re<\/span><\/strong><br><span class=\"has-inline-color has-luminous-vivid-amber-color\">\u2605 \u2605 \u2605 \u2605 <\/span> 4\/5<br><em>nouveau prix<\/em> : 74,99\u20ac <s>84,00\u20ac<\/s><\/p>\n\n\n\n<ul><li>Hauteur de r\u00e9glage : 67cm-117cm<\/li><li>Plateau directement inclus<\/li><li>R\u00e9glage par vis de serrage<\/li><li>Attention au poids que vous souhaitez porter<\/li><\/ul>\n\n\n\n<div class=\"wp-block-buttons aligncenter\">\n<div class=\"wp-block-button\"><a class=\"wp-block-button__link has-vivid-green-cyan-background-color has-background\" href=\"https:\/\/amzn.to\/3giJ9Ui\" target=\"_blank\" rel=\"noreferrer noopener\">Prix &amp; disponibilit\u00e9<\/a><\/div>\n<\/div>\n<\/div>\n<\/div>\n","protected":false},"excerpt":{"rendered":"<p>Pourquoi un bureau avec fonctionnement manuel plut\u00f4t qu&rsquo;\u00e9lectrique Choisir un bureau assis-debout manuel se base souvent sur deux crit\u00e8res : Le prix : les m\u00e9canismes manuelles sont g\u00e9n\u00e9ralement moins co\u00fbteux du fait qu\u2019il n\u2019y a pas de moteur \u00e0 l\u2019int\u00e9rieur. L&rsquo;arriv\u00e9e \u00e9lectrique : pour des travaux manuels ne n\u00e9cessitant pas d&rsquo;arriv\u00e9e \u00e9lectrique et des emplacements&#8230;<\/p>\n","protected":false},"author":1,"featured_media":0,"parent":0,"menu_order":0,"comment_status":"closed","ping_status":"closed","template":"","meta":[],"yoast_head":"<!-- This site is optimized with the Yoast SEO plugin v14.8 - https:\/\/yoast.com\/wordpress\/plugins\/seo\/ -->\n<title>Bureau assis-debout manuel - Mon bureau debout<\/title>\n<meta name=\"robots\" content=\"index, follow\" \/>\n<meta name=\"googlebot\" content=\"index, follow, max-snippet:-1, max-image-preview:large, max-video-preview:-1\" \/>\n<meta name=\"bingbot\" content=\"index, follow, max-snippet:-1, max-image-preview:large, max-video-preview:-1\" \/>\n<link rel=\"canonical\" href=\"http:\/\/mon-bureau-debout.fr\/index.php\/bureau-assis-debout-manuel\/\" \/>\n<meta property=\"og:locale\" content=\"fr_FR\" \/>\n<meta property=\"og:type\" content=\"article\" \/>\n<meta property=\"og:title\" content=\"Bureau assis-debout manuel - Mon bureau debout\" \/>\n<meta property=\"og:description\" content=\"Pourquoi un bureau avec fonctionnement manuel plut\u00f4t qu&rsquo;\u00e9lectrique Choisir un bureau assis-debout manuel se base souvent sur deux crit\u00e8res : Le prix : les m\u00e9canismes manuelles sont g\u00e9n\u00e9ralement moins co\u00fbteux du fait qu\u2019il n\u2019y a pas de moteur \u00e0 l\u2019int\u00e9rieur. L&rsquo;arriv\u00e9e \u00e9lectrique : pour des travaux manuels ne n\u00e9cessitant pas d&rsquo;arriv\u00e9e \u00e9lectrique et des emplacements...\" \/>\n<meta property=\"og:url\" content=\"http:\/\/mon-bureau-debout.fr\/index.php\/bureau-assis-debout-manuel\/\" \/>\n<meta property=\"og:site_name\" content=\"Mon bureau debout\" \/>\n<meta property=\"article:modified_time\" content=\"2020-08-22T13:20:40+00:00\" \/>\n<meta property=\"og:image\" content=\"http:\/\/mon-bureau-debout.fr\/wp-content\/uploads\/2020\/08\/Capture-2.jpg\" \/>\n<meta name=\"twitter:card\" content=\"summary_large_image\" \/>\n<script type=\"application\/ld+json\" class=\"yoast-schema-graph\">{\"@context\":\"https:\/\/schema.org\",\"@graph\":[{\"@type\":\"WebSite\",\"@id\":\"https:\/\/mon-bureau-debout.fr\/#website\",\"url\":\"https:\/\/mon-bureau-debout.fr\/\",\"name\":\"Mon bureau debout - TOP Bureau 2020\",\"description\":\"TOP BUREAU 2020 - Une meilleur ergonomie et productivit\\u00e9 au quotidien\",\"potentialAction\":[{\"@type\":\"SearchAction\",\"target\":\"https:\/\/mon-bureau-debout.fr\/?s={search_term_string}\",\"query-input\":\"required name=search_term_string\"}],\"inLanguage\":\"fr-FR\"},{\"@type\":\"ImageObject\",\"@id\":\"http:\/\/mon-bureau-debout.fr\/index.php\/bureau-assis-debout-manuel\/#primaryimage\",\"inLanguage\":\"fr-FR\",\"url\":\"http:\/\/mon-bureau-debout.fr\/wp-content\/uploads\/2020\/08\/Capture-2.jpg\"},{\"@type\":\"WebPage\",\"@id\":\"http:\/\/mon-bureau-debout.fr\/index.php\/bureau-assis-debout-manuel\/#webpage\",\"url\":\"http:\/\/mon-bureau-debout.fr\/index.php\/bureau-assis-debout-manuel\/\",\"name\":\"Bureau assis-debout manuel - Mon bureau debout\",\"isPartOf\":{\"@id\":\"https:\/\/mon-bureau-debout.fr\/#website\"},\"primaryImageOfPage\":{\"@id\":\"http:\/\/mon-bureau-debout.fr\/index.php\/bureau-assis-debout-manuel\/#primaryimage\"},\"datePublished\":\"2020-08-19T09:16:51+00:00\",\"dateModified\":\"2020-08-22T13:20:40+00:00\",\"inLanguage\":\"fr-FR\",\"potentialAction\":[{\"@type\":\"ReadAction\",\"target\":[\"http:\/\/mon-bureau-debout.fr\/index.php\/bureau-assis-debout-manuel\/\"]}]}]}<\/script>\n<!-- \/ Yoast SEO plugin. -->","_links":{"self":[{"href":"https:\/\/mon-bureau-debout.fr\/index.php\/wp-json\/wp\/v2\/pages\/16"}],"collection":[{"href":"https:\/\/mon-bureau-debout.fr\/index.php\/wp-json\/wp\/v2\/pages"}],"about":[{"href":"https:\/\/mon-bureau-debout.fr\/index.php\/wp-json\/wp\/v2\/types\/page"}],"author":[{"embeddable":true,"href":"https:\/\/mon-bureau-debout.fr\/index.php\/wp-json\/wp\/v2\/users\/1"}],"replies":[{"embeddable":true,"href":"https:\/\/mon-bureau-debout.fr\/index.php\/wp-json\/wp\/v2\/comments?post=16"}],"version-history":[{"count":31,"href":"https:\/\/mon-bureau-debout.fr\/index.php\/wp-json\/wp\/v2\/pages\/16\/revisions"}],"predecessor-version":[{"id":254,"href":"https:\/\/mon-bureau-debout.fr\/index.php\/wp-json\/wp\/v2\/pages\/16\/revisions\/254"}],"wp:attachment":[{"href":"https:\/\/mon-bureau-debout.fr\/index.php\/wp-json\/wp\/v2\/media?parent=16"}],"curies":[{"name":"wp","href":"https:\/\/api.w.org\/{rel}","templated":true}]}}